s n(-76)?
-5
Let g(l) = l**2 + 70*l - 74. Give g(-71).
-3
Let y(j) = 6*j**3 - 11*j**2 - 41*j + 41. Determine y(1).
-5
Let g(s) = 7*s**3 + 157*s**2 + 622*s + 10. Calculate g(-4).
-414
Let h(f) = -f**2 + 109*f - 2719. Give h(39).
11
Let h(f) = -7*f**3 + 11*f**2 + 23*f - 135. Calculate h(5).
-620
Let x(w) = 1433*w + 11504. Determine x(-8).
40
Let p(c) = c**3 + 129*c**2 - 132*c - 258. Give p(-130).
2
Let m(a) = -4*a**2 + 4. What is m(6)?
-140
Let g(x) = x**2 + 126*x - 263. Calculate g(-128).
-7
Let j(s) = s**2 + 43*s + 134. What is j(-3)?
14
Let t(q) = 16*q**2 + 2*q. What is t(-2)?
60
Let k(y) = -y**2 - 232*y + 2406. Calculate k(10).
-14
Let m(p) = 9*p**2 + 52*p. What is m(-6)?
12
Let q(c) = c**2 + 1854*c + 14880. Calculate q(-8).
112
Let c(s) = 23*s + 83. Calculate c(-15).
-262
Let h(k) = -20*k**3 - 121*k**2 - 7*k - 19. Determine h(-6).
-13
Let c(z) = -2*z**2 + 20*z + 82. Give c(-3).
4
Let w(u) = -41*u + 909. Calculate w(22).
7
Let h(t) = 319*t**3 + 3*t**2 - 2. Calculate h(-1).
-318
Let j(o) = o**2 + 12*o + 102. What is j(-12)?
102
Let b(x) = 43357*x - 173424. Give b(4).
4
Let i(y) = -y**3 + 78*y**2 + 164*y - 316. Give i(80).
4
Let q(i) = -i**3 - 6*i**2 + i - 23. What is q(-7)?
19
Let b(h) = 35*h**2 - 808*h + 55. What is b(23)?
-14
Let b(y) = -2*y**3 - 60*y**2 - 294*y + 35. Determine b(-6).
71
Let m(x) = -2387*x + 21488. Determine m(9).
5
Let q(v) = -v**3 - 10*v**2 - 15*v - 33. Calculate q(-8).
-41
Let h(r) = -6*r**2 - 74*r + 40. Determine h(-15).
-200
Let m(u) = -9*u**3 - 3*u**2 - 8*u - 9. What is m(-4)?
551
Let d(t) = -t**2 - 2*t + 9. What is d(3)?
-6
Let j(i) = i**2 + 29*i + 123. Determine j(-16).
-85
Let g(k) = -k**3 - 21*k**2 - 69*k - 2. Give g(-17).
15
Let p(b) = 7*b**2 + 13*b - 20. Determine p(-7).
232
Let y(h) = 56*h - 322. Calculate y(7).
70
Let n(k) = -121*k + 397. Give n(3).
34
Let p(d) = 6*d**2 - 18*d + 9. Calculate p(1).
-3
Let a(l) = -94*l**2 + 469*l + 12. Calculate a(5).
7
Let o(s) = 3*s**2 - 46*s + 170. Give o(7).
-5
Let n(a) = 88*a - 1753. Determine n(21).
95
Let b(a) = -a**3 - 82*a**2 + 533*a + 446. What is b(-88)?
6
Let c(j) = -j**3 + 31*j**2 + 261*j + 188. Determine c(38).
-2
Let d(l) = -l**3 - 8*l**2 - 4*l - 19. Calculate d(-6).
-67
Let j(t) = -2*t**3 - 22*t**2 - 54*t - 27. Determine j(-2).
9
Let u(f) = 59*f - 1180. Determine u(20).
0
Let g(a) = 2*a**2 - 100*a - 12. Determine g(52).
196
Let l(w) = w**2 + 15121*w + 75581. What is l(-5)?
1
Let s(m) = 4*m**2 - 17*m - 46. What is s(-2)?
4
Let h(j) = j**3 - 63*j**2 + 60*j + 115. What is h(62)?
-9
Let g(p) = 87836*p + 87835. What is g(-1)?
-1
Let w(x) = -4*x**3 + 43*x**2 + 4*x + 58. Determine w(11).
-19
Let i(u) = 14*u**2 - 240*u + 38. Determine i(17).
4
Let k(y) = 52*y**2 + 90*y + 279. Determine k(-3).
477
Let l(a) = -2*a**3 + 78*a**2 - 9*a + 373. Calculate l(39).
22
Let i(f) = 3*f**3 + 41*f**2 - 5*f + 62. Calculate i(-14).
-64
Let x(n) = 55*n - 3215. Determine x(61).
140
Let f(n) = 2*n**2 + 64*n + 449. Determine f(-12).
-31
Let s(f) = 216*f**3 + 3*f**2 + 5*f + 3. Give s(-1).
-215
Let r(v) = 41*v + 199. Determine r(-5).
-6
Let t(h) = -4*h**3 - 169*h**2 - 40*h + 77. What is t(-42)?
-7
Let d(g) = 658*g + 7237. What is d(-11)?
-1
Let l(y) = -5*y**2 + 106*y - 535. Determine l(5).
-130
Let h(v) = -v**2 + 18*v + 307. Give h(30).
-53
Let k(r) = 40*r**2 + 12*r - 11. Give k(1).
41
Let m(i) = 582*i + 7583. Give m(-13).
17
Let p(s) = -s**3 + 14*s**2 - 35*s + 139. What is p(12)?
7
Let y(i) = i**3 - 5*i**2 - 30*i + 135. Determine y(4).
-1
Let p(x) = -2*x**2 - 131*x + 405. Calculate p(3).
-6
Let u(c) = 12*c**2 - 73*c + 32. Calculate u(6).
26
Let q(g) = g**2 - 48*g + 588. What is q(22)?
16
Let m(b) = 1595*b - 11160. Give m(7).
5
Let b(v) = v**3 + 3*v**2 - 72*v - 35. Determine b(-8).
221
Let k(v) = 19*v**2 - 50*v + 59. Give k(2).
35
Let y(u) = 39*u - 3894. Determine y(103).
123
Let x(q) = -10*q**2 - 20*q + 6. Calculate x(-3).
-24
Let o(d) = -d**3 + 48*d**2 + 4*d - 235. What is o(48)?
-43
Let a(w) = w**2 + 29*w + 330. Determine a(-22).
176
Let g(i) = -52*i - 1983. Determine g(-36).
-111
Let i(r) = -3*r**3 - 14*r**2 + 3*r - 10. Give i(-5).
0
Let q(u) = -5*u**3 - 194*u**2 + 50*u - 214. What is q(-39)?
-643
Let g(f) = 56*f - 13. Calculate g(-2).
-125
Let f(u) = -5*u**3 - 230*u**2 - 228*u - 112. What is f(-45)?
23
Let w(x) = -x**2 + 194*x - 3735. Determine w(22).
49
Let i(h) = 32*h**2 - 7150*h + 3116. What is i(223)?
-6
Let k(c) = -5*c**2 + 82*c - 83. Calculate k(15).
22
Let p(d) = 2*d**3 - 142*d**2 + 138*d + 27. Give p(70).
-113
Let c(y) = -49*y - 689. Determine c(-14).
-3
Let j(l) = -8*l - 224. Give j(-16).
-96
Let k(q) = -2*q**3 - 4*q**2 + 206*q + 606. Give k(-3).
6
Let h(j) = j**2 - 50*j - 5296. Give h(102).
8
Let v(x) = -x**2 - 108*x + 1324. Give v(11).
15
Let p(b) = 2*b**2 - 159*b + 832. Give p(74).
18
Let k(d) = d**3 + 63*d**2 - 423*d - 577. Give k(-69).
44
Let c(w) = 42*w - 646. What is c(11)?
-184
Let y(r) = -r**3 + 24*r**2 - r - 52. Determine y(24).
-76
Let i(l) = -l**2 + 12*l + 313. Give i(-13).
-12
Let u(t) = 107*t - 8568. Give u(80).
-8
Let m(d) = 3131*d - 322489. What is m(103)?
4
Let z(n) = -3*n**3 + 27*n**2 + 461*n - 4304. What is z(10)?
6
Let d(f) = 18*f - 1173. Determine d(67).
33
Let z(m) = m**2 + 123*m - 5725. Give z(-159).
-1
Let z(u) = 840*u + 10063. Give z(-12).
-17
Let a(l) = 90*l - 694. Determine a(8).
26
Let g(v) = -2*v**3 + 425*v**2 - 2278*v + 224. Give g(207).
17
Let j(k) = 7*k**2 + 196*k + 32. Give j(-29).
235
Let o(r) = 4*r**3 - 5*r**2 - 13*r + 8. What is o(4)?
132
Let x(n) = -6*n + 96. Calculate x(25).
-54
Let v(b) = -1706*b + 1907. What is v(1)?
201
Let j(x) = 2*x**3 + 58*x**2 + 308*x - 32. Calculate j(-7).
-32
Let w(z) = 59*z + 1062. Calculate w(-18).
0
Let r(q) = q + 141. Give r(-38).
103
Let s(k) = k**3 - 5*k**2 + 5*k - 27. Determine s(-7).
-650
Let g(m) = m**3 + 17*m**2 + 27*m + 155. Give g(-16).
-21
Let p(h) = -8*h + 799. Calculate p(95).
39
Let o(r) = 171*r + 3084. What is o(-18)?
6
Let l(i) = -16*i**3 + i**2 - 14*i + 30. Determine l(2).
-122
Let w(t) = 3*t**2 + 90*t + 448. Calculate w(-5).
73
Let f(k) = -1305*k - 7842. What is f(-6)?
-12
Let a(t) = -24*t**2 + 165*t + 17. Give a(7).
-4
Let u(c) = -c**2 - 43*c + 9650. Calculate u(79).
12
Let r(d) = 29*d**3 + 24*d**2 - 8*d - 6. What is r(-1)?
-3
Let s(d) = -d**3 + 62*d**2 + 75*d - 681. Determine s(63).
75
Let j(o) = 376*o + 18041. Determine j(-48).
-7
Let u(q) = -q**3 + 18*q**2 + 64*q - 20. Determine u(21).
1
Let w(d) = -d**3 + 6*d - 13. Give w(6).
-193
Let f(q) = -q**2 + 8*q + 1174. Determine f(37).
101
Let k(r) = -r**2 - 18*r - 81. What is k(-6)?
-9
Let g(f) = f**3 - 45*f**2 + 7*f - 315. What is g(45)?
0
Let v(m) = -m**3 + 13*m**2 - 66*m + 98. Determine v(8).
-110
Let g(v) = -25*v - 302. What is g(-12)?
-2
Let n(z) = 26*z**3 + 2549*z**2 + 114*z + 1566. What is n(-98)?
-2
Let q(o) = o**3 + 92*o**2 - 88*o + 425. Give q(-93).
-40
Let h(x) = 39*x - 193. Give h(8).
119
Let v(g) = 2*g**3 - 34*g**2 + 55*g - 12. Give v(15).
-87
Let d(m) = -m**3 + 116*m**2 - 1340*m + 110. What is d(103)?
7
Let y(b) = -b**3 + 23*b**2 + 5*b + 37. Calculate y(23).
152
Let p(m) = -m**3 - 26*m**2 - 79*m + 4. Determine p(-4).
-32
Let n(x) = x**3 - 7*x**2 - 155*x + 959. Give n(6).
-7
Let t(d) = -d**2 - 2*d + 502. Calculate t(18).
142
Let v(t) = t**3 + 81*t**2 + 518*t + 48. Give v(-74).
48
Let t(c) = c**2 + 47*c - 181. Give t(-50).
-31
Let r(m) = -3*m**2 - 44*m + 187. Calculate r(-18).
7
Let z(n) = 3*n**3 + 2*n**2 + n - 17. What is z(0)?
-17
Let m(t) = -38*t + 2971. Give m(87).
-335
Let r(m) = -51*m - 184. Give r(12).
-796
Let i(f) = -3*f**2 + 54*f + 2110. Determine i(-19).
1
Let i(u) = 2*u**3 - 11*u**2 + 26*u - 208. Calculate i(6).
-16
Let f(h) = -h**3 + 7*h**2 - 19*h + 38. What is f(2)?
20
Let c(y) = 1388*y - 5544. Give c(4).
8
Let u(n) = -34*n + 10. Give u(1).
-24
Let p(u) = 4*u**2 - 1442*u - 4368. Calculate p(-3).
-6
Let n(a) = 4*a**3 - 98*a**2 + 53*a - 114. Give n(24).
6
Let i(z) = -5*z**2 + 84*z + 91. Calculate i(17).
74
Let t(i) = 34*i + 28. Determine t(10).
368
Let j(t) = -385*t + 1546. What is j(4)?
6
Let f(i) = 4*i**2 + 106*i + 639. Give f(-9).
9
Let f(b) = b**2 + 1057*b + 12537. What is f(-12)?
-3
Let d(s) = -31*s - 389. Determine d(-13).
14
Let p(c) = -c**3 + 16*c**2 - 24*c + 141. What is p(15)?
6
Let g(y) = -72*y**2 - 5691*y - 22